 of -n**4/12 + 5*n**3/6 + 3*n**2/2 + 7*n - 33. Let s(u) be the second derivative of a(u). Calculate s(5).
-5
Let i(t) = -12 + 359*t - 30 + t**2 + 3 - 367*t. Determine i(12).
9
Let g(h) = -17*h + 2. Let y(q) = 12*q - 1. Let a = 111 + -106. Let d(r) = a*g(r) + 7*y(r). Let i = -2 - -7. Determine d(i).
-2
Let o(q) = -40*q - 3. Let l be (29/(-3) - -10)*(6 + -6). Give o(l).
-3
Suppose -a + 10 - 7 = 0. Let r = -104 + 107. Let m(g) = 1099*g - 2*g**3 - r - 3*g**2 - 1096*g + 3*g**3. Determine m(a).
6
Suppose -8*x - 126*x - 938 = 0. Let m = 7 - 3. Let h(u) = m*u**2 - 4*u - 3*u - 9 + 2*u**2 + u**3. Give h(x).
-9
Let l(r) = 4*r**2 + 4*r - 4. Let f(m) = -m**2 - 4*m. Let c be f(-2). Let b(w) = -3*w**2 - 5*w + 4. Let s(i) = c*l(i) + 5*b(i). Determine s(7).
-10
Let f(c) = -c**2 - 7*c + 10. Let x be 9/((-81)/(-42)) - 14/21. Suppose -3*r - 27 = 3*w + 2*r, -36 = 4*w + x*r. Determine f(w).
-8
Suppose -11*r - r = 36. Let n(v) = -3*v**3 - 4*v**2 - 2*v - 2. Let f(j) = -4*j**3 - 4*j**2 - 2*j - 1. Let k(h) = 2*f(h) - 3*n(h). Give k(r).
7
Let v(i) be the third derivative of i**4/2 - 62*i**2 - i. What is v(4)?
48
Let j(b) = -b**3 + b**2 + 2*b. Let i(m) = m**2 + 6*m - 21. Let p be i(10). Let f = p + -137. Determine j(f).
0
Let t(c) be the second derivative of -c**5/20 - c**4/4 + 31*c**3/6 + 8*c**2 - 239*c + 9. What is t(-7)?
-5
Let i(r) = 2*r**2 + 16*r + 1. Let w be 42/(-3) + (3 - (4 + -7)). Give i(w).
1
Let z(g) = -2*g + 9. Let h(m) = 3*m**3 - 10*m**2 - 5*m - 8. Let y be h(4). Suppose 5*o = -9*t + 6*t + 8, y*o = -5*t + 22. Calculate z(t).
-3
Let t(d) = -16738*d - 3*d**2 + 5578*d + 5582*d - 10 + 5577*d - d**3. Give t(0).
-10
Suppose -2*j = -5*f + 145, 4*f + j - 67 - 62 = 0. Suppose -4*z = 5 + 3, -2*z - f = 3*a. Let v(u) = -u**2 - 7*u + 9. Determine v(a).
-9
Suppose 933 = 3*v + 3*f, 0 = -f + 5*f. Suppose v*d = 308*d - 15. Let o(x) be the first derivative of -x**3/3 - 3*x**2 + 4*x - 1. Give o(d).
9
Let b(k) = k**3 + 4*k**2 - 8*k - 11. Suppose 5*n = 1 - 6. Let a be (-4)/1 - n/(-1). Let v be b(a). Let x(w) = -w**2 + 2*w + 3. Give x(v).
-5
Let o(m) = -m + 4. Let t(x) = x**2 - 31*x - 9. Let i be t(31). Let a be -7 - (-7 + 27/i). Determine o(a).
1
Let u be (-6)/4*(-16)/6. Let k(f) = f**2 + f. Let v(n) be the first derivative of -7*n**3/3 - 3*n + 81. Let t(j) = 6*k(j) + v(j). Give t(u).
5
Let h(t) = -t**3 - 2*t**2 + 2*t + 3. Let d = 73 + -74. Let j(y) = -7*y - 5. Let i be j(d). Let a be (1 + 2 - 5) + 0/i. Determine h(a).
-1
Let u(b) = 16*b**2 - 24*b - 9. Let r be 0 + 5*1 - (121 + -123). Let o(l) = 7*l**2 - 12*l - 5. Let g(c) = r*o(c) - 3*u(c). Give g(13).
5
Suppose -4*v = 0, 3*v - 6 = -7*m + 5*m. Let k(l) = -5*l**2 + 3*l**2 - 2 - m*l - 3*l + 2*l**2 + l**2. Give k(6).
-2
Let c(w) be the third derivative of w**5/30 + 5*w**4/6 - 3*w**3 - 2*w**2 - 40. Determine c(-13).
60
Let s(x) = -21*x**2 - 1. Suppose -u = -y - 2, 4*y - 5*u = 28 - 37. Give s(y).
-22
Let g(i) = -6*i**3 - 14*i - 2. Let q(t) = -7*t**3 + t**2 - 16*t - 2. Let j(p) = 2*p**3 - 24*p**2 - 6. Let z be j(12). Let v(r) = z*g(r) + 5*q(r). Give v(-4).
2
Let u(d) be the third derivative of -d**5/60 + d**4/24 - 77*d**3/6 - 1611*d**2 - 2*d. Give u(0).
-77
Let m(i) = 22*i. Let t be (1 - 26/10)*275/(-22). Let o(w) = -w**3 + 21*w**2 - 21*w + 21. Let p be o(t). What is m(p)?
22
Suppose -4*j = -4*t - 168, 4*t + 0*j + 153 = -j. Let c = -35 - t. Let a be -1*(-12)/(-16)*c. Let b(w) = -w**2 - 2*w + 2. Calculate b(a).
-1
Let b(f) be the third derivative of f**6/120 - f**5/10 - 13*f**4/12 + 22*f**3 - 1745*f**2. Calculate b(7).
-1
Let z(r) = -r**2 + 9*r - 13. Let n be z(5). Let t = -4 + n. Let q(w) = t*w - 8*w**3 + 9*w**3 - 4*w**2 + 2 - w**2. Calculate q(4).
-2
Suppose 0 = m + 3*s - 9, -5*s = -3*m - 0*s - 15. Suppose -3*a + 3 = 0, 1 = -m*q + 3*q - 5*a. Let h(n) = -7 - 23*n + 39*n + n**q - 22*n. What is h(6)?
-7
Suppose -2*c = -5*c + s + 1, 0 = s - 5. Let l(a) = 196*a**3 - 6*a**c - 7*a - 99*a**3 - 98*a**3 + 2. Calculate l(-5).
12
Let h(c) = 14*c + 62. Suppose -4*n - 2*m - 29 - 11 = 0, 4*m + 3 = -n. Let k(r) = 5*r + 21. Suppose -20*b + 26*b = 24. Let g(d) = b*h(d) + n*k(d). Give g(-7).
10
Let l(n) be the third derivative of -n**4/8 - 7*n**3/2 + n**2. Let j(o) = -33*o - 2121. Let f be j(-64). Give l(f).
6
Let d = 41 - 26. Suppose d = 5*j - 0. Let r(w) = 0 + 11*w + 5 - 12*w + j. Determine r(0).
8
Let f(v) = 13*v**2 - v**3 + 16 - 4*v + 27*v**2 + 36*v**2 - 62*v**2. Give f(14).
-40
Let n(l) = l + 27. Suppose -19*u + 25*u = -3132. Let s = 503 + u. Determine n(s).
8
Let u(r) = 3*r + 12. Let y = -1950 - -1953. Calculate u(y).
21
Let q(i) = 11*i**3 + 28*i**2 - 24*i - 21. Let u(d) = -20*d**3 - 56*d**2 + 49*d + 40. Let l(m) = 9*q(m) + 5*u(m). What is l(-29)?
11
Let d(r) = -4*r**2 - 2*r + 2. Let l be 12/4 + (-4)/(-6)*3. Let z(u) = 5*u**2 + u - 3. Let y(k) = l*z(k) + 6*d(k). Determine y(7).
-3
Let r be (-22)/(-33)*30/4. Let l(f) be the second derivative of -f**4/12 + f**3/3 + 2*f**2 + 59*f. Give l(r).
-11
Let a(n) = -12*n**2 + 242*n - 15. Let m(j) = -18*j**2 + 341*j - 22. Let l(s) = 7*a(s) - 5*m(s). Give l(2).
7
Let u(j) be the third derivative of j**6/120 + 7*j**5/30 + 47*j**4/24 - 17*j**3/6 + 7*j**2 + 3. Let c be u(-7). Let d(h) = -h + 7. Determine d(c).
10
Suppose -5*z = 3*f + 2 - 9, 0 = 4*z + 5*f - 3. Let k(l) = l**z - 149 + 9*l + 142 - 5*l. Let i be ((-6)/(-7))/((-5)/35). Give k(i).
5
Let b(j) = 16*j - 34. Let d(k) = 3*k - 7. Let u(a) = -2*b(a) + 11*d(a). Let i be (-2)/5 - 26/(-65). Let z = 9 + i. Calculate u(z).
0
Let b be (-18)/27*(0 - 3). Suppose 0 = b*r - t + 4, -3*t + 5 = 2*r - r. Let k(a) = a + a - 2*a**2 + 1 - a**2. Determine k(r).
-4
Let a(b) = -6*b**3 + b**2 - 9. Let r(p) = 7*p**3 - p**2 + 10. Let d(h) = -6*a(h) - 5*r(h). Let x(u) = -20*u**2 + 100*u. Let k be x(5). Calculate d(k).
4
Let f(v) = -44*v**3 - 6*v**2 - 8*v - 1. Let g be f(-1). Let z = g - 41. Let i(x) be the first derivative of -x**2/2 - x - 1. Give i(z).
-5
Let b = 79 - 100. Let q be (-300)/18*b/2. Let x(m) = 12 - q*m + 84*m + 92*m. Determine x(-6).
6
Let k be (-54)/(-16) + 6*3/(-48). Let z(i) = 9*i**2 - i**k + i**2 + 121 - 117. Determine z(10).
4
Let l = 14862 + -14863. Let u(k) = k - 7. Let t(a) = -3*a + 20. Let q(w) = -6*t(w) - 17*u(w). What is q(l)?
-2
Let g be 8 + 8/(-16)*8. Suppose -g*x = 3*o + 21, 3*o + 6*x + 21 = 3*x. Let n(m) = 3*m + 2. What is n(o)?
-19
Let v(m) = -m**3 + 9*m**2 + 3*m - 22. Let q be v(9). Let k(l) be the first derivative of -3*l**2 + 5*l + 139. Give k(q).
-25
Let v = -3 - 104. Let t = -105 - v. Let c(z) = 15 + 0*z + t*z - 3*z. Give c(11).
4
Let d(z) = 3*z**2 - 4*z + 6. Suppose 3*c + 3*o - 44 = -53, -2*c + 30 = -4*o. Give d(c).
21
Let b(g) = 85*g - 2*g**2 - 2*g**2 + 2*g**2 - 49*g - 43*g - 23. Calculate b(-6).
-53
Let u = 881 + -878. Let g(v) = -3*v - 1. Let h(c) = c. Let r(z) = -g(z) - 4*h(z). Determine r(u).
-2
Let h(g) be the second derivative of -101*g**3/6 + 204*g**2 - 5*g + 17. What is h(4)?
4
Let t(z) be the second derivative of z**3/3 + z**2 + z. Let h(p) = -p**3 - 14*p**2 - 23*p + 14. Let y = -155 + 143. Let u be h(y). Determine t(u).
6
Let t(x) be the third derivative of 0 - 1/12*x**4 + 220*x**2 + 1/6*x**3 + 1/30*x**5 + 0*x + 1/120*x**6. Suppose -3*a = -0*a + 9. Determine t(a).
-2
Let h(w) = -w - 6. Suppose 15*s - 18 = -5*l + 14*s, 3*l - 2 = -5*s. Suppose -4*z - 32 = 4*f, l*f = 5*z + 24 - 2. Calculate h(z).
0
Suppose -45*l + 47*l - 4 = 0. Let x(z) = -39 + z - 4*z**l - 30 - 5*z + z**3 + 71. Determine x(5).
7
Let t(n) = -4*n**3 - 33*n**2 - 26*n - 17. Suppose 18*k - 36 = -162. Let i(s) = -s**3 - 11*s**2 - 9*s - 6. Let a(x) = k*i(x) + 2*t(x). Calculate a(12).
-4
Let o(b) = b**3 + 3*b**2 - 13*b - 34. Let v be o(-4). Let r(s) = 2222*s - 2210*s - 4 + s**v - 4. Determine r(-6).
-44
Let h(y) = -2*y**2 + 25*y + 1. Let g be h(12). Suppose -g*t - 43 - 61 = 0. Let k(v) = 2*v + 10. Let p(m) = m + 5. Let b(s) = 2*k(s) - 5*p(s). What is b(t)?
3
Let r(z) = -2*z**2 + 4*z - 2. Let a = -4352 - -4355. What is r(a)?
-8
Let j(p) = -5*p + 1. Let o be (-30)/(-255) - (0 + 5081/(-17)). Let f = o - 294. Give j(f).
-24
Let v(t) = -t**3 - 8*t**2 - 5*t + 1. Let c be ((-6)/(-4))/(((-36)/(-8))/9). Suppose 3*m = -0 + 3, -3*m = c*d + 18. Calculate v(d).
-13
Let j(y) = -y. Suppose 0 = -i + 126 - 153. Let a be (-1 + 7/(-2))/(i/(-36)). What is j(a)?
6
Let s(g) = -4*g**2 - g + 1. 